 1423 divide 77031259?
True
Is 2092 a factor of 45050550?
False
Is 91 a factor of 1324141?
True
Is 41367010 a multiple of 2?
True
Is 25 a factor of 679937035?
False
Does 120 divide 90711395?
False
Does 4094 divide 1961298540?
False
Is 82421979 a multiple of 1712?
False
Does 938 divide 451322452?
True
Does 159 divide 2288760229?
False
Is 4882690729 a multiple of 9107?
True
Is 4042043 a multiple of 352?
False
Does 6 divide 1385505281?
False
Is 374 a factor of 2844271870?
True
Does 101 divide 4115983727?
False
Is 56454045 a multiple of 1191?
False
Is 378282064 a multiple of 229?
False
Is 23 a factor of 1826489685?
True
Does 1428 divide 439540889?
False
Is 3813110670 a multiple of 842?
True
Is 28 a factor of 110660200?
True
Does 740 divide 997267722?
False
Is 12 a factor of 6070965?
False
Does 352 divide 352761301?
False
Is 28950155 a multiple of 2207?
False
Is 35 a factor of 572868100?
True
Is 3 a factor of 21811872?
True
Is 148381630 a multiple of 8?
False
Is 11 a factor of 21291897?
True
Is 215 a factor of 2840150?
True
Does 1492 divide 698260476?
True
Is 276484 a multiple of 5?
False
Does 6527 divide 195159071?
False
Is 26983649 a multiple of 11?
True
Does 670 divide 9146408?
False
Is 267358297 a multiple of 5923?
True
Does 1312 divide 181067112?
False
Does 120 divide 39051840?
True
Is 578619428 a multiple of 128?
False
Does 664 divide 125674640?
False
Does 6 divide 127878814?
False
Does 48 divide 1208266032?
True
Is 4824227 a multiple of 16?
False
Is 75 a factor of 44223073?
False
Is 1227379021 a multiple of 11?
True
Is 160255684 a multiple of 996?
False
Is 427255716 a multiple of 600?
False
Does 36 divide 27023184?
True
Is 3870980472 a multiple of 15348?
True
Is 5 a factor of 3057007?
False
Does 539 divide 49114304?
False
Does 2448 divide 319040496?
True
Does 9 divide 2530179048?
False
Is 3988300095 a multiple of 1437?
True
Is 31 a factor of 23261594?
True
Is 150869210 a multiple of 698?
True
Is 21 a factor of 257769802?
False
Is 15 a factor of 372983786?
False
Is 6731993 a multiple of 20?
False
Does 22 divide 12681568?
False
Is 28138125 a multiple of 75?
True
Is 99 a factor of 44014509?
True
Does 79 divide 75410240?
True
Is 37375773 a multiple of 538?
False
Is 462294567 a multiple of 19?
True
Does 8 divide 129386466?
False
Is 52 a factor of 3414767368?
False
Does 1670 divide 2088288475?
False
Is 7874 a factor of 996612180?
True
Does 270 divide 361781890?
False
Is 454365809 a multiple of 242?
False
Is 840 a factor of 67971120?
True
Does 485 divide 43032871?
False
Is 34421722 a multiple of 158?
True
Does 1384 divide 1165030440?
True
Does 91 divide 14838293?
False
Is 83103279 a multiple of 14?
False
Is 207006051 a multiple of 97?
True
Is 975 a factor of 447093727?
False
Does 754 divide 243677322?
False
Is 944521424 a multiple of 1253?
True
Is 1079924614 a multiple of 1322?
True
Is 6 a factor of 232585878?
True
Is 13824890 a multiple of 734?
True
Is 415 a factor of 63348870?
False
Is 1961167175 a multiple of 2343?
False
Does 6 divide 24090629?
False
Is 207 a factor of 30986865?
True
Is 1679 a factor of 17335521?
False
Is 14 a factor of 4316850842?
False
Is 58 a factor of 548714800?
True
Does 49 divide 60856348?
False
Does 340 divide 24142720?
True
Is 1051 a factor of 24438116?
False
Is 2111613113 a multiple of 9?
False
Is 1044927178 a multiple of 632?
False
Is 218 a factor of 90263300?
False
Is 131510219 a multiple of 505?
False
Does 103 divide 58631258?
False
Is 97437687 a multiple of 3396?
False
Does 38 divide 8789922?
False
Is 219 a factor of 2703261321?
True
Is 214375821 a multiple of 121?
True
Is 6710366 a multiple of 122?
True
Is 386 a factor of 86345969?
False
Is 365 a factor of 1203141704?
False
Does 397 divide 427359294?
False
Is 646716806 a multiple of 2607?
False
Is 3 a factor of 6128743?
False
Is 1834 a factor of 951054622?
False
Is 6 a factor of 599823744?
True
Does 17 divide 181740754?
False
Does 846 divide 141895350?
True
Is 19395172 a multiple of 971?
False
Is 45751658 a multiple of 19?
True
Is 17278196 a multiple of 13?
True
Is 11909352 a multiple of 84?
True
Is 70 a factor of 12544980?
True
Does 4178 divide 68093044?
True
Does 5112 divide 396696312?
True
Does 17 divide 13763591?
True
Is 74 a factor of 133391917?
False
Does 9 divide 2311763196?
False
Does 5 divide 3899071?
False
Is 1132052328 a multiple of 10932?
True
Does 6597 divide 491734450?
False
Is 463 a factor of 5085283?
False
Is 85 a factor of 51598217?
False
Does 47 divide 21256247?
False
Does 1476 divide 27948446?
False
Does 2374 divide 444286978?
True
Is 100501666 a multiple of 57?
False
Does 397 divide 1374820?
False
Is 37773396 a multiple of 309?
True
Is 4029 a factor of 80306028?
True
Is 18408672 a multiple of 1312?
True
Does 2744 divide 238042000?
True
Does 553 divide 77454286?
True
Does 2108 divide 1700489872?
True
Is 34 a factor of 350129314?
True
Does 6 divide 170995391?
False
Is 415513073 a multiple of 43?
False
Is 8816735 a multiple of 221?
False
Is 174920371 a multiple of 239?
False
Does 2476 divide 58987349?
False
Is 1962647074 a multiple of 466?
True
Is 696 a factor of 1186498344?
True
Is 154775767 a multiple of 167?
True
Does 30 divide 168148694?
False
Does 117 divide 58715594?
False
Is 688 a factor of 471275872?
True
Is 52102443 a multiple of 29?
False
Is 1626739578 a multiple of 32?
False
Does 4636 divide 94996276?
True
Is 3832154120 a multiple of 1580?
True
Is 4905477 a multiple of 533?
False
Is 1884958126 a multiple of 97?
True
Is 366 a factor of 278684112?
True
Is 122351970 a multiple of 122?
True
Is 794 a factor of 3191563194?
True
Does 1823 divide 65943641?
False
Is 4325 a factor of 410141407?
False
Is 386756520 a multiple of 1273?
False
Does 12 divide 49127316?
True
Is 31 a factor of 3550155960?
True
Is 34828512 a multiple of 465?
False
Is 1030 a factor of 3882515?
False
Is 23 a factor of 87203718?
True
Is 4675 a factor of 5084020425?
True
Does 9691 divide 964873788?
False
Does 51 divide 85213277?
False
Is 538647279 a multiple of 476?
False
Does 17 divide 61106881?
False
Does 3 divide 10364185?
False
Is 7218 a factor of 2347221420?
True
Is 154 a factor of 706470969?
False
Is 1228485710 a multiple of 1118?
False
Is 220289760 a multiple of 432?
True
Is 6 a factor of 25536034?
False
Does 37 divide 234902122?
True
Is 22 a factor of 1045116930?
True
Is 1234 a factor of 75554417?
False
Does 19 divide 1447948903?
True
Does 10 divide 7150243?
False
Does 16 divide 292224178?
False
Is 597212000 a multiple of 1540?
True
Does 28 divide 1286297712?
True
Is 90 a factor of 1309421700?
True
Is 430251489 a multiple of 20?
False
Is 9647105 a multiple of 43?
False
Is 2153485835 a multiple of 218?
False
Is 39 a factor of 57303990?
False
Is 6838696458 a multiple of 122?
True
Does 1422 divide 433054458?
True
Does 3395 divide 97992541?
False
Does 305 divide 16769815?
True
Is 42 a factor of 1063195350?
True
Is 1168273750 a multiple of 10?
True
Does 43 divide 40188746?
True
Is 1059597 a multiple of 99?
True
Does 55 divide 6623912?
False
Is 838 a factor of 770093637?
False
Does 16 divide 530853296?
True
Is 54168530 a multiple of 30?
False
Is 585 a factor of 2245248490?
False
Is 20 a factor of 3644758400?
True
Is 264952423 a multiple of 17?
False
Is 37 a factor of 10675445?
False
Does 647 divide 30479158?
False
Is 4 a factor of 84539770?
False
Does 9400 divide 1903271252?
False
Does 82 divide 42615836?
False
Is 1682 a factor of 511655990?
True
Is 72 a factor of 406333317?
False
Does 5 divide 828889490?
True
Does 283 divide 319455323?
False
Is 502938912 a multiple of 32?
True
Is 2250 a factor of 4931538750?
True
Is 10 a factor of 449188650?
True
Is 51287141 a multiple of 988?
False
Does 14 divide 45102792?
True
Is 326153690 a multiple of 411?
False
Does 100 divide 31997700?
True
Is 399 a factor of 531933633?
True
Does 1080 divide 4570384?
False
Is 168443980 a multiple of 374?
False
Does 1494 divide 51042510?
True
Is 488 a factor of 54090558?
False
Is 54 a factor of 100795383?
False
Is 25 a factor of 330481050?
True
Is 10646199 a multiple of 51?
True
Is 815 a factor of 2050302115?
False
Does 16 divide 3736983264?
True
Does 5610 divide 166544070?
True
Does 9 divide 8568431?
False
Is 80 a factor of 544692640?
True
Is 2826 a factor of 39620520?
True
Is 1630 a factor of 31